2*v - h + p = 2*h. What is the units digit of v?
6
Let x be 8/(0 - (-1 - 0)). Let b be (2/(-4))/((-2)/x). Suppose -2*m + 4*f + 2 = 0, 38 = 5*m - b*f + 3*f. What is the units digit of m?
7
Suppose 0 = -5*y - 10, 5*w - y = 3*y + 18. What is the units digit of w?
2
Suppose 0*d = 3*d - 54. What is the tens digit of d?
1
Let c = 27 + 4. Suppose d - c = 4*r, -4*d + 0*r + 82 = -2*r. What is the units digit of d?
9
Let y(l) = -12*l - 1 - 2 - 3 + 0. Let v be y(-4). Let i = -25 + v. What is the units digit of i?
7
Suppose -2*a = a - 39. Let t = a - -20. Suppose t = 3*c - 12. What is the tens digit of c?
1
Let o = -208 - -427. What is the tens digit of o?
1
Let n(k) = -k**3 - 6*k**2 - 4*k + 4. Let i be n(-7). Suppose 23 + i = 4*x. What is the units digit of x?
6
What is the hundreds digit of ((-2)/(-4))/(-1 + 3213/3206)?
2
Let n = -81 + 353. What is the tens digit of n?
7
Suppose -7 = -5*x + 4*f, 3*f + 1 = -3*x + 8*f. What is the units digit of x?
3
Let t be 1*6 - (-6)/(-3). Suppose t*l = l - 42. Let j = -5 - l. What is the units digit of j?
9
Let k(a) be the first derivative of a**3/3 + 5*a**2/2 + 2*a + 1. Suppose -3*s + 5*s = -x - 1, 0 = 3*x - 4*s + 33. What is the tens digit of k(x)?
1
Let d(m) = 13*m - 2. Let s be d(-3). Let b = 84 + s. What is the tens digit of b?
4
Suppose 70 = -4*u + 9*u. What is the units digit of u?
4
Let p be 6 + (-1 - -2 - 3). Let a be (9/(-6))/((-3)/p). Suppose -a*t + 5*i + 22 = i, -t = -5*i - 20. What is the units digit of t?
5
Suppose -87 - 78 = -5*d. What is the units digit of d?
3
Let a(p) = 2*p. Let y be a(-1). Let w = y + 21. What is the tens digit of w?
1
Suppose 16*a - 6883 + 2915 = 0. What is the hundreds digit of a?
2
Let i be 0 + 8/1 - 1. Let x(q) = q**3 - 6*q**2 - 6*q + 5. What is the units digit of x(i)?
2
Suppose 0*v + 4*v - 2 = 2*g, 5*v - 35 = -4*g. Let s be v/2 + (-1)/(-2). Suppose s*z = 5*t - 53, -4*z = z - 5. What is the tens digit of t?
1
Let p(k) = -k**2 - 15*k - 9. Let i be p(-6). Let r be 198/42 + 2/7. Suppose -a - d = 3*d - 18, -r*a + i = 5*d. What is the units digit of a?
6
Let p be -1 + 3 + -4 + 2. Suppose 5*i - 2*i + 21 = p. Let u(a) = -a + 3. What is the units digit of u(i)?
0
Suppose 4*s - 6 - 2 = 0. Suppose 3*g + i + 8 = 80, 2*i + 24 = g. Suppose s*f - 6*f + g = 0. What is the units digit of f?
6
Let x(c) = -3*c + 8. What is the tens digit of x(-10)?
3
Let b(s) = s**2 - 3*s + 2*s + 4 - 8. Let p be b(0). What is the units digit of 1/2 - 2/p?
1
What is the hundreds digit of 2/((-8)/(-53))*12?
1
Let x(q) = -5*q + q**3 + 20 + 16*q**2 - q + 7*q. What is the units digit of x(-16)?
4
Let a(r) = 25*r - 2. Let l be 2*((-28)/(-8))/7. What is the tens digit of a(l)?
2
Let n be 4/22 - (-144)/(-66). Let u(v) = 2*v**2 + v - 1. Let c be u(1). Let a = c - n. What is the units digit of a?
4
Let s(p) = -p**2 + 8*p + 2. Suppose -5 - 3 = -n. Let b be s(n). Suppose -v - 4 = -2*m, b*v + 2*m = 4*v + 2. What is the units digit of v?
2
Let a = 164 + -62. What is the hundreds digit of a?
1
Let h = -30 + 34. What is the units digit of h?
4
Let t = -6 - -8. Suppose -11 = -t*m + 3. Suppose 0 = s + 4*s + 3*h - m, -s = h - 1. What is the units digit of s?
2
Let n = 16 + -19. What is the units digit of 2/((-6)/(-3)) - n?
4
Suppose -2*x - 60 = x. Let s = 46 + x. What is the tens digit of s?
2
Let t(y) = y**2 + y - 22. What is the units digit of t(10)?
8
Suppose -2*w + 16 = -0*w. Let s(g) = w*g**3 + 0 - g**2 - 2*g + 2*g**2 + 1. What is the units digit of s(1)?
8
Let o(h) = 6*h + 1. What is the units digit of o(5)?
1
Let q = -17 + 21. Let u = q - -12. What is the tens digit of u?
1
Suppose 19 = r + 4*u, r - 180 = -4*r - 3*u. What is the tens digit of r?
3
Let i(o) = -12*o + 3. Let x be i(-3). Let s = -23 + x. What is the tens digit of s?
1
Let q be (2 - 1)*(0 + 4). Suppose 5*z - 2*w = 64, 4*z - 2*z = q*w + 16. What is the units digit of z?
4
Let w = 85 - 16. What is the tens digit of w?
6
Let b be (8/12)/((-4)/(-30)). Suppose 2*c - 86 = -b*q + c, c - 68 = -4*q. Suppose -h - q = -3*h. What is the units digit of h?
9
What is the units digit of (18 - 5)/(3 - 2)?
3
Let k(f) = -13*f. Let u be (-2*(-6)/(-4))/(-1). Suppose 0 = -3*x + m - 5 + 2, -u*m = x + 1. What is the tens digit of k(x)?
1
Let a be (-13)/(-4) + 12/16. Suppose 0*p + 8 = a*p. Suppose -2*h + p*g = -18, -3*h - 3 = 2*g - 45. What is the tens digit of h?
1
Let l = -95 - -170. What is the tens digit of 3890/l - (-4)/30?
5
Let t be 116/16 + 1/(-4). Let a(f) = 8*f**2 + 4*f - 3. Let h(b) = -17*b**2 - 9*b + 7. Let l(o) = t*a(o) + 3*h(o). What is the units digit of l(1)?
6
Suppose 5*c - i = 234, -c + 4*i = 3*c - 200. What is the tens digit of c?
4
Let o(y) be the first derivative of y**2/2 + 3. Let z be o(5). Suppose -2*m = z*r - 38, 2*m = 3*r + r - 16. What is the units digit of r?
6
Let i be 1 + 4 + -2 + -4. Let k(c) be the second derivative of -c**5/10 + c**4/6 + c**3/3 + c**2/2 - 2*c. What is the units digit of k(i)?
3
Let d(l) = -l + 1. Let i be d(1). Suppose 5*h - 17 = 2*o, i = 4*h + 1 - 21. Suppose -k = -1 - o. What is the units digit of k?
5
Suppose 5*y - 5*z = 25, 3 - 4 = -y - z. Suppose 4*a + y = -2*f + 19, 0 = -f + a + 5. What is the units digit of f?
6
Let x(w) = -w**3 + 12*w**2 - 11*w + 4. Let u be x(11). Suppose 5*t + 4*n = 23, 5*n - 13 = -u*t + 3*t. What is the units digit of t?
3
Let j be (2 + 1)/((-15)/20). Suppose 3 = 2*s - 1. What is the units digit of (-6*s/j)/1?
3
Suppose -2*n + 3*n - 9 = -2*p, 0 = -4*p + 4*n + 24. Suppose p*r + 0*r = 25. What is the units digit of r?
5
What is the units digit of -1 + 3 + (-4)/(-1)?
6
Let n(l) = -l**3 - l**2 - 2. Let d be n(-2). Suppose 19 = d*q - 49. What is the tens digit of q?
3
Suppose -2*o = -h - 508, -5*h + 8*h = 0. What is the units digit of o?
4
Let t(p) = -89*p. What is the tens digit of t(-1)?
8
Let w be 4*(102/8 - -2). Let l = w + -35. What is the units digit of l?
4
Suppose 18 = 4*v - 2. Suppose 0 = v*f, 0 = 3*i - 2*f - 2*f - 12. Suppose q + 7 = i*y, y + q = -4*y + 20. What is the units digit of y?
3
Let c be 2/(-4) - 3/(-6). Suppose c = 3*p + 8 + 7. Let u = p - -8. What is the units digit of u?
3
Suppose x + 3*k - 543 = -4*x, 2*x + k = 218. What is the hundreds digit of x?
1
Let b = 43 - -12. What is the units digit of b?
5
Let m = 60 - 37. What is the units digit of m/4 + 8/32?
6
Let i(m) = m**2 + 8*m - 2. Let h be i(-9). Let q = h + -9. Let j = 5 - q. What is the units digit of j?
7
Let s(h) be the first derivative of -3*h**4/4 + h**3/3 - h - 1. Let g be s(-1). What is the units digit of 2/(-6) - (-34)/g?
1
What is the tens digit of (-1)/(-2)*6 + 75?
7
Let m be 1*(0 - (3 - 8)). What is the units digit of 18/30 + 2/m?
1
What is the tens digit of -1 - -2*(-69)/(-6)?
2
Suppose -2*q - 5*t = -0*t - 6, 0 = 2*q + t - 6. Suppose 4*k - 5 = q*k. Suppose -k*l + 8*l = 54. What is the tens digit of l?
1
Let y(a) = -a**3 - 6*a**2 - 7*a + 5. What is the tens digit of y(-6)?
4
Let d(m) = -m**3 + 4*m**2 - 4*m + 3. Let p be d(2). Let t(n) = p - 10*n - 5 + 4*n. What is the tens digit of t(-2)?
1
Let j be (-6)/(-33) + (-590)/(-22). Suppose -3*t = i - 7*t - j, -4*t = 5*i - 87. What is the units digit of i?
9
Let i(d) = -d**3 + 3*d + 3. Let y be i(3). Let o(b) = -b. Let z be o(10). Let n = z - y. What is the units digit of n?
5
What is the units digit of (1 - 0)/1*32?
2
Let a = -75 + 111. Suppose 0 = 4*x + u - 98, -u + 110 = 3*x + a. What is the units digit of x?
4
Suppose 5*s = g + 19, 3*s - 4*s = 3*g + 9. Suppose 0 = s*m + 4*q - 37, -3*q = -2*m + 2*q + 63. What is the units digit of m?
9
Let u = 15 + -10. Suppose o = -4*o + 5. Let n = o + u. What is the units digit of n?
6
Let z = 12 - 7. Suppose 4*g + k = 5*g - 8, 0 = z*g + 2*k - 12. What is the units digit of g?
4
Let u(p) = p**3 - 6*p**2 - 5*p. Let i be (-144)/(-20) + 1/(-5). What is the tens digit of u(i)?
1
Let q(x) = x**2 - 5*x - 10. Let f(k) = -k - 1. Let t be f(3). What is the tens digit of q(t)?
2
Let w(p) = -p**3 + 4*p**2 + 6*p. Let a be w(5). Suppose a*s - h - 7 = 14, 3*s + 5*h - 7 = 0. Suppose 0 = s*q - 2*q - 16. What is the units digit of q?
8
Suppose -5*p + 21 = 2*w, 5*p + 2*w + 2*w = 27. Suppose -2*a = -2*v - 44, -p*a = -a - 5*v - 29. What is the tens digit of a?
2
Suppose -332 + 2 = -10*l. What is the tens digit of l?
3
Let b be (1/(-3))/((-1)/3). Let r(c) = 3*c